e 173 = 3*o - 2*d, -o - 3*o = 2*d - 240. Suppose 0 = 3*n - p - o. Calculate the remainder when n is divided by 11.
10
Suppose 22 - 97 = -3*x. Calculate the remainder when x is divided by 13.
12
Let v = 34 - -5. Suppose 3*c - v = -5*p, -c = -0*c + p - 11. Calculate the remainder when 22 is divided by c.
6
Suppose 14*o = 2*o + 2556. What is the remainder when o is divided by 8?
5
What is the remainder when 3 is divided by 7/6 + 6/(-36)?
0
Suppose -16 = -4*p + 56. Suppose -y - 103 = -2*a, 7*a + 5*y = 5*a + 109. Calculate the remainder when a is divided by p.
16
Let o be 1/((2/2)/1). Suppose -m - o = -9. Calculate the remainder when (-2)/(16/10)*-12 is divided by m.
7
Let v(n) = -3*n + 1. Let l = 7 + -18. Calculate the remainder when v(l) is divided by 49/4 - (-1)/(-4).
10
Suppose 2*j = -2*j + 24. Calculate the remainder when 4/j + (-140)/(-6) is divided by 14 + -1 + 0/(-1).
11
Let w = 3 - -5. Suppose -r + w = -2*r. What is the remainder when 64 is divided by ((-33)/(-2))/((-6)/r)?
20
Let m be (-6)/(-2) + (6 - 9). Let a = m - -17. Calculate the remainder when 64 is divided by a.
13
Suppose -5*k + 53 = h, -5*h - k - k + 150 = 0. Calculate the remainder when h is divided by 10.
8
Suppose -4 = -l - 0. Let n = 1 - 0. Calculate the remainder when 10/(1/n) + 1 is divided by l.
3
Let h = 11 + -9. Let u(s) = -2*s + 4*s + s**2 - 3*s. What is the remainder when h is divided by u(-1)?
0
Suppose 8 = -4*w, -2*w = -5*d + w + 721. Calculate the remainder when d is divided by 29.
27
Let l = -34 - -48. Calculate the remainder when 24 is divided by l.
10
Let h = -11 - -17. What is the remainder when h/9 + (-224)/(-6) is divided by 10?
8
Let t(v) = -v**2. Let b be t(0). Suppose -2*a - a + 87 = b. Let k = -1 + a. Calculate the remainder when k is divided by 15.
13
Suppose 6*x = x + 600. Calculate the remainder when x is divided by 31.
27
Suppose 4*t - t = 36. Suppose -5*l = -1 - 14. Suppose l*k = -0 + 21. Calculate the remainder when t is divided by k.
5
Let i = -6 - -3. Let h be (-1 - 0)/(i/15). What is the remainder when 35 is divided by 1 + h - (-1 + -2)?
8
Let s = -85 + 61. Let h = s + 46. Calculate the remainder when h is divided by 6.
4
Let q(c) = -c**2 - 16*c - 15. Calculate the remainder when 91 is divided by q(-8).
42
Let t(y) = y**2 + 6*y + 8. What is the remainder when 2/6 + (-136)/(-6) is divided by t(-6)?
7
Suppose -5*k - 34 = -7*k. What is the remainder when k is divided by 3?
2
Suppose 11 + 23 = 2*t. Let q be 2 - 3/((-6)/(-4)). Suppose -z + 49 = -q*z. Calculate the remainder when z is divided by t.
15
What is the remainder when (-18)/(-24)*(41 - -3) is divided by 17?
16
Let p = 29 + -8. Calculate the remainder when p is divided by (-2 - -1 - -14) + -2.
10
Suppose -2*c + 7 - 1 = -2*k, 12 = 4*c. Suppose k*u = 2*u - 16. Let w = 23 - u. Calculate the remainder when 43 is divided by w.
13
Calculate the remainder when 71 is divided by (-142)/(-16) + (-8)/(-64).
8
Let p = 35 + -22. What is the remainder when p is divided by 5?
3
Suppose 5*g = 2*q - 4*q - 15, -4*q = -5*g - 15. Let n = 2 + q. Suppose y - 5*l = 4*y - 40, -y + 15 = n*l. Calculate the remainder when 13 is divided by y.
3
Let h = 96 - 64. Suppose 8 = 4*d - 5*d. What is the remainder when ((-42)/d)/(6/h) is divided by 15?
13
Let n(o) = -5*o + 3. Calculate the remainder when 23 is divided by n(-1).
7
Calculate the remainder when 0 - (-3 - 39/3) is divided by ((-4)/6)/(2/(-18)).
4
Let o(z) = -z**2 + 6*z - 1. Calculate the remainder when 14 is divided by o(5).
2
Let k be 8 - (1 + (-6)/(-3)). Suppose -133 = -4*c + 3*y - 6*y, -k*y + 170 = 5*c. What is the remainder when c is divided by 11?
9
Suppose -5*d - 5*h = -105, 3*d - 108 = -d + 4*h. Calculate the remainder when d is divided by 10.
4
Let l be (-6 - -13) + (-1 - 0). Calculate the remainder when 32 is divided by l/(-15) - 171/(-15).
10
Suppose 0 = i + 5*b - 53, -3*b - 18 = -2*i + 23. Calculate the remainder when 51 is divided by i.
23
Let p = 32 + -19. Calculate the remainder when 25 is divided by p.
12
Suppose -10 = 9*x - 7*x. Let a = x + 6. Calculate the remainder when 1 is divided by a.
0
Let u be -11 + (-1)/(-1) - -2. Let y(j) = -5*j - 4 + 2*j + 1 - 2. What is the remainder when y(u) is divided by 10?
9
Suppose 6*m = m + 25. Suppose 0 = v - 3*a - 15, -2*v - 2*v = -a - m. Suppose v = -2*q + 7*q - 40. What is the remainder when 23 is divided by q?
7
Let u(s) = -s**3 - 7*s**2 - 10*s - 12. What is the remainder when (-276)/9*3/(-2) is divided by u(-6)?
10
Let d(j) = 10*j**2 - 1. Suppose -2*s = f + 3, -2*s - 2*f - f = 5. What is the remainder when d(s) is divided by 4?
1
Calculate the remainder when 38/285 + 446/30 is divided by 4.
3
Let k = 182 + 1. What is the remainder when k is divided by 62?
59
Suppose -3*r = 2*t - 25, 4*t + 21 = -3*r + 56. What is the remainder when t is divided by 2?
1
Let b = -5 - -2. Let o(u) = -22*u - 3. Calculate the remainder when o(b) is divided by 13.
11
Let o be 8/(-3)*(-3)/2. What is the remainder when 25 is divided by (-81)/6*o/(-6)?
7
Calculate the remainder when ((28/12)/7)/((-2)/(-438)) is divided by 15.
13
Suppose -5*n = p - 75, 5*n - 11 = -5*p + 84. Suppose -5 = -j + 34. What is the remainder when j is divided by n?
11
Let x = 55 + -38. Suppose -46 = -z + m - 2*m, -z + 38 = 3*m. Calculate the remainder when z is divided by x.
16
Suppose 2*l = 120 + 6. What is the remainder when l is divided by (-47)/(-3) - 2/(-6)?
15
Let j(k) = -2*k + 44. What is the remainder when j(0) is divided by 23?
21
Let l(b) = -b**2 + b + 51. Suppose 0 = 5*w - 0*f - 2*f - 73, 3*f - 27 = -3*w. Calculate the remainder when l(0) is divided by w.
12
Let v(c) = -c + 3. Let h be v(2). Calculate the remainder when 6 - 3 - h*-41 is divided by 15.
14
Let i(w) = -w**2 - 11*w - 24. What is the remainder when 26 is divided by i(-5)?
2
Let k(u) = u**3 - 3*u**2 - u - 3. Calculate the remainder when 189/11 + 4/(-22) is divided by k(4).
8
What is the remainder when -4 + (-39)/(-9)*3 is divided by 2?
1
Let t = 13 - 4. Let d be 130/(-18) - (-2)/t. Let l(u) = u**3 + 6*u**2 - 6*u + 8. What is the remainder when 1 is divided by l(d)?
0
Suppose -4*r + 4*u + u = -386, 8 = -4*u. Let l = r + -50. Suppose 26 = 2*a - l. What is the remainder when a is divided by 9?
8
Calculate the remainder when -4 + (-100)/(1 - 5) is divided by 12.
9
Suppose -2*c - 2*c + 68 = 4*s, -5*c + 40 = -4*s. What is the remainder when 43 is divided by c?
7
Let f = 1 - -2. What is the remainder when -12*f/((-24)/44) is divided by 17?
15
Suppose 0 = -4*t + 8, 0 = 5*s - 5*t - 102 - 108. Calculate the remainder when s is divided by 16.
12
Suppose 0 = -5*h + 4*l + 550, -3*l + 220 = 2*h - 8*l. Calculate the remainder when h is divided by 16.
14
Let v(g) = 2*g**2 + g + 37. Let m be 0/(4*4/(-8)). Calculate the remainder when v(m) is divided by 10.
7
Suppose q + 2*q - 3*n = 18, -4*n = -3*q + 21. Suppose 8 = 5*i - 3*i. Suppose 0 = z + i - 8. What is the remainder when z is divided by q?
1
Suppose -x - l = -4*x + 24, -24 = -3*x + 3*l. Calculate the remainder when x is divided by 2.
0
Calculate the remainder when (-16)/(-24)*207/6 is divided by 12.
11
Suppose 10*b = -b + 1936. Calculate the remainder when b is divided by 46.
38
Suppose 4*l + 2*a = 44, 2*l - 4*l - 2*a + 20 = 0. Let o(f) = f - 3. What is the remainder when o(l) is divided by 4?
1
Let s(m) = 4*m**2 + m - 1. Let b be s(1). Suppose u + 4*u - w = b, 5*u + 4 = -w. Suppose u = -c + 4*c - 27. Calculate the remainder when c is divided by 5.
4
Let x(g) be the third derivative of -g**6/120 - g**5/10 - 7*g**4/24 - 7*g**3/6 - 4*g**2. What is the remainder when 6 is divided by x(-5)?
0
Suppose -u - 5 + 3 = 0. Let g(j) be the second derivative of j**4/4 + j**3/6 - j**2/2 - 2*j. What is the remainder when g(u) is divided by 5?
4
Suppose 106 = -4*y - 26. Let h = y + 84. Calculate the remainder when h is divided by 18.
15
Let r(s) = 3*s**2 + s - 3. Calculate the remainder when r(-3) is divided by 4/((-24)/11)*-6.
10
Calculate the remainder when 4/10 - (-2365)/25 is divided by 24.
23
Let h be 870/18 + 4/6. Suppose 3*k = -3, k + 4*k - h = -3*f. What is the remainder when 35 is divided by f?
17
Suppose -2*d + 4 = -2, 3*d - 104 = -i. Suppose 0 = -5*w + 5*y + i, -y + 2*y = -3*w + 37. Calculate the remainder when w is divided by 8.
6
Calculate the remaind